
2, 3, 587
Suppose -10*l = -20*l + 283180. List the prime factors of l.
2, 14159
Suppose 2*q = 3*q - 2. Let h(g) = 154*g. Let r be h(q). Let d = r - 189. What are the prime factors of d?
7, 17
Suppose -61*v + 65*v = 3*j + 2516, -2*j = 4*v - 2536. Suppose -4*n + 5*d = -1596 - 945, 2*d - v = -n. List the prime factors of n.
2, 317
Let o(p) = -217*p**3 - 6*p**2 + 4*p + 55. What are the prime factors of o(-4)?
13831
Let j(o) = 16*o + 10. Let u(c) = -4*c - 12. Let a be u(-4). Let x(g) = -g**2 + 5*g + 2. Let t be x(a). What are the prime factors of j(t)?
2, 53
What are the prime factors of ((-52692)/5)/((-3)/5 - 3/(-15))?
2, 3, 4391
Suppose 18*k - 38080 - 55196 = 0. What are the prime factors of k?
2, 2591
Suppose 2006*p = 1985*p + 76671. What are the prime factors of p?
3, 1217
Suppose -71*b = -72*b - 113. Let w = b - -177. What are the prime factors of (90/(-8))/((-6)/w)?
2, 3, 5
Suppose 0 = h + 5, 5*h + 29 = 2*a - 62. Let q = a + -30. Suppose -10 = -5*u + q*o, 3*o - 35 = -5*u + o. What are the prime factors of u?
5
Let v(n) = -111*n**3 - 2*n - 1. Let i(x) = -x**2 - 3*x + 16. Let h be i(-6). Let d be v(h). Suppose -4*c = 7*c - d. What are the prime factors of c?
3
Let f = 447 + -445. Suppose -g + 237 = f*c - 514, -4*g = 4*c - 3016. List the prime factors of g.
757
Let x(y) = 14*y**3 - 24*y**2 - 33*y + 12. Let k(g) = 5*g**3 - 8*g**2 - 11*g + 4. Let o(p) = 11*k(p) - 4*x(p). What are the prime factors of o(5)?
2, 3, 7
Suppose 0 = -362020*m + 362034*m - 525028. What are the prime factors of m?
2, 17, 1103
Suppose -21*a + 22 = 22. Suppose -70*v + 47*v + 37582 = a. What are the prime factors of v?
2, 19, 43
Suppose -417*d - 138*d + 4717500 = 0. What are the prime factors of d?
2, 5, 17
Let r(n) = n**3 + n**2 + 4*n + 4. Let c be r(-4). Let u be 16*10/25*2*-5. Let y = c - u. List the prime factors of y.
2
Let b = 736 - 255. Suppose -5*c + b = -179. Let z = -48 + c. List the prime factors of z.
2, 3, 7
Suppose q - 41 = 2*a, -2*a + 183 = 5*q - a. Suppose -q*s - 12 = -41*s. Suppose 2*o - 4*o + 4*g = -180, 194 = 2*o + s*g. List the prime factors of o.
2, 47
Suppose -277 = -5*w + 2*y, 93 - 20 = w + 4*y. List the prime factors of 196/16*(-1 + w).
2, 7
Suppose 0 = 3*c - 5*i - 77782, 5702*c - 4*i = 5699*c + 77786. What are the prime factors of c?
2, 12967
Suppose 0 = -4*z + 2*x + 25714, 10*z - 4*x = 8*z + 12848. List the prime factors of z.
2, 5, 643
Let d(x) = -970*x - 1043. List the prime factors of d(-9).
7687
Let u be (0 - 1)/(((-2)/18)/1). Suppose -46 = u*g - 11*g. Let k = g + -17. What are the prime factors of k?
2, 3
Suppose -1437 = 13*l - 104*l + 2840. Suppose -p + 24 = 3*p. Suppose -w + 2*o = -l, 0 = w - p*w - 5*o + 235. What are the prime factors of w?
47
Let d(m) = 53*m**2 - 3*m - 2. Let r = -52 + 55. Let y be d(r). Suppose 0 = -a + 3*a - y. What are the prime factors of a?
233
Suppose 22 + 1 = -a. Let v = a - -25. Suppose 0 = -i + v*i - 59. List the prime factors of i.
59
Suppose -12 = 3*r, r = -5*i + 2*i + 125. Suppose -m + 625 - i = 0. What are the prime factors of m?
2, 3, 97
Suppose -5*l = -4*h - 42378, 4*l - 33927 = 7*h - 12*h. List the prime factors of l.
2, 3, 157
Let x(s) = 604*s**2 + 2208*s + 7. What are the prime factors of x(-7)?
7, 43, 47
List the prime factors of -13 + 45426*(-27)/(-18).
2, 23, 1481
Let k be (-33)/11 - (2 + -22). Let d be (2 - 2/(-2)) + 2. Suppose -2*n - d*j = -76 - k, -3*j + 87 = 2*n. What are the prime factors of n?
3, 13
Let w be 75/12*(-20)/15*-99. Suppose -2*n - w = -3*a - 3*n, -5*n = 0. What are the prime factors of a?
5, 11
Suppose 41*h + 450 = 44*h. Suppose -h*w + 147*w = -1335. What are the prime factors of w?
5, 89
Suppose 2*s - 2*o - 822 = -6*o, -2*o + 820 = 2*s. Suppose 0 = 3*u - s + 145. List the prime factors of u.
2, 11
Suppose 0*m - 3*m + 31 = 2*q, -15 = -3*m. Suppose q*v = 3*v. Suppose 2*d - o - 246 - 186 = 0, v = -3*d + o + 650. What are the prime factors of d?
2, 109
Let n(c) be the second derivative of -c**5/20 + 7*c**4/6 - 11*c**3/6 - 4*c**2 - 2*c. Let o be (1 + -3)*((-14)/4 + -3). List the prime factors of n(o).
2, 3
Let t(i) = i**3 - 16*i**2 - 14*i + 58. What are the prime factors of t(18)?
2, 227
What are the prime factors of (-63870)/(-18) + -2*(-4)/(-24)?
2, 887
Suppose 8*x - 1 = 9*x, 5*r = 3*x - 312. Let h = r - -63. What are the prime factors of -55*(-2)/(-4)*(h - 2)?
5, 11
List the prime factors of ((96156/(-16))/9)/((-32)/384).
3, 2671
Let v(l) = -l**2 - l + 7. Let z be v(0). Let j(n) be the third derivative of n**5/60 - n**4/6 - 4*n**3/3 + 19*n**2 - 6. List the prime factors of j(z).
13
Let n = 224 + -595. Let p = 1004 + n. List the prime factors of p.
3, 211
Let j be 18/(-14) + 3 + 2/7. List the prime factors of j + 263 - (-2 - (5 - 3)).
269
Let x = 17959 - 10226. What are the prime factors of x?
11, 19, 37
Let w be (-5)/(35/2) - (-120)/(-70). Let v be ((-2178)/55 + w/5)*-1. Suppose -i + 3*f = -v, 58 = i + 3*f + 12. List the prime factors of i.
43
Let i = 223 - 245. Let t = 0 - 4. Let q = t - i. What are the prime factors of q?
2, 3
Let h = 37 - 69. Let u = h + 12. What are the prime factors of ((-45)/12)/(1/u)?
3, 5
Suppose -335 = 23*b + 401. List the prime factors of (0 - (-1005)/(-20))/(12/b).
2, 67
Suppose 5*n + 1010 = -u, 0*n = 2*n - u + 404. Let l = n + 454. Suppose -4*h - 3*h + l = 0. What are the prime factors of h?
2, 3
Suppose 119 = -6*h - 103. Let w = h + 45. Suppose 2*y = 112 + w. List the prime factors of y.
2, 3, 5
Let l(i) = 2*i**2 + 71*i - 47. Let k(c) = -2*c**2 - 71*c + 45. Let g(b) = -3*k(b) - 4*l(b). What are the prime factors of g(-29)?
2, 5, 43
Suppose -2*i - u = -651, -657 = -3*i + i - 3*u. Suppose -5*f - 731 - 465 = -4*x, x + 5*f = i. What are the prime factors of x?
2, 19
Let h be 45/27 - (-1 + 10/6). Let v = h + -93. Let l = v + 112. What are the prime factors of l?
2, 5
Suppose 17*s = -3*n + 15*s + 34024, -5*n + 3*s + 56713 = 0. List the prime factors of n.
2, 53, 107
Let p be 36*4/8*-2. Let t = 32 + p. List the prime factors of t/(-18) - (-3808)/36.
2, 53
Suppose -37*v + 36549 + 3929 = 0. Let y = v + -382. What are the prime factors of y?
2, 89
Suppose 0 = 4*t + 2*u - 14982, -t + 3*u = -5883 + 2127. List the prime factors of t.
3, 1249
Suppose 0 = -13*l + 4*l - 576. Let i = l - -66. Suppose 20 = -i*f + 94. What are the prime factors of f?
37
Let j be (-3)/(7/(476/(-3))). Let i = -11 + j. List the prime factors of i.
3, 19
Let u be (-9)/6*10/3. Let r be (530/(-6))/(u/15). Suppose -5*l + 41 = d, -3*d + r = 2*d - 5*l. List the prime factors of d.
3, 17
Suppose -1311206 = -1146*b + 1072*b. List the prime factors of b.
13, 29, 47
Suppose -2*z = 26*z - 205154 - 726826. What are the prime factors of z?
3, 5, 7, 317
Let p(i) = i**3 + 5*i**2 + i - 1. Suppose 3*f + 2*r = -101, 4*r + 13 = 5*f + 174. Let h = -37 - f. What are the prime factors of p(h)?
11
Let x = 233 - 218. Let v(r) = 9*r + 51. List the prime factors of v(x).
2, 3, 31
List the prime factors of 122944/16 + 11 + 14.
13, 593
Let g be -6 + (328 - (-2)/2). What are the prime factors of g - (-4 - 2)/2?
2, 163
Suppose 0 = 55*n + 53*n - 5201689 - 698567. List the prime factors of n.
2, 6829
Let q(h) = -77*h + 123. Let k(w) = 40*w - 61. Let m(p) = 5*k(p) + 3*q(p). What are the prime factors of m(-6)?
2, 5
Suppose 3*w + w = -s + 4, 0 = -5*w - s + 5. Let k be ((-2)/((-4)/(-14)))/(w/3). Let h = 13 - k. What are the prime factors of h?
2, 17
Suppose -143*y = 298022 - 1651817 - 445145. What are the prime factors of y?
2, 5, 17, 37
Suppose 0 = -7*a + 12*a - 195. List the prime factors of ((-306)/(-10))/(a/650).
2, 3, 5, 17
Let y(w) = -w + 26. Let u be y(20). Let i be (-1)/4*60/u*-2. Suppose -i*d = -7*d + 260. List the prime factors of d.
2, 5, 13
Let m = -8627 + 14717. What are the prime factors of m?
2, 3, 5, 7, 29
Let n(z) = 13*z**2 - 115*z - 180. What are the prime factors of n(35)?
2, 5, 293
Let n(m) = 786*m**3 - 9*m**2 + 17*m - 11. What are the prime factors of n(2)?
5, 251
Let h = 9566 - 6415. Suppose 104 - h = -11*i. List the prime factors of i.
277
Let z be (-4)/(8 + 2244/(-280)). What are the prime factors of 10560/z + 10/(-14)?
37
Let y(p) = -330*p + 2266. List the prime factors of y(-27).
2, 11, 127
Let z(c) = 6*c**2 + c + 1. Let w be z(-1). Let j be 20/(-10) - ((-15)/(-1))/(-3). Suppose 3*v - w = -3*t, 0*v 